v composite?
False
Suppose -63*t - 2631490 = -221*t. Is t composite?
True
Let c = -56 - -58. Suppose -3*y = -15, -3*p = 2*y + c*y - 20. Suppose -2*w - 2*w = p, i - 2863 = 2*w. Is i a prime number?
False
Let q(k) be the second derivative of 40*k**4 + 0 + 1/6*k**3 + 9*k - k**2. Is q(1) prime?
True
Let u be ((-39)/(-234))/(1/37374). Let b = 3668 + u. Is b a prime number?
False
Let q = 4522 + 3314. Suppose 0 = 3*y + 3*z - 16158, 2*y - q - 2921 = z. Is y composite?
False
Let w(a) = 79*a**2 + 176*a + 1. Is w(-24) composite?
False
Let m = -98716 + 173909. Is m a prime number?
True
Let t = 756041 - 455418. Is t prime?
True
Suppose -o = -4*i - 20761, i + 6 - 11 = 0. Suppose -9*r - o = -18*r. Is r a prime number?
True
Is 958782 - 6/(-36)*8*-6 a composite number?
True
Let t = -1 - -10. Let f be ((-6)/t)/((-3)/(-54)). Is (-152)/f - 1/(-3) a prime number?
True
Let o(w) = -2541*w + 8936. Is o(-91) prime?
False
Let x = 4324 - -10497. Is x a composite number?
False
Let k(q) be the first derivative of 264*q**2 - 7*q - 5. Let t be ((-1 + 0)*1)/(11/(-22)). Is k(t) a prime number?
True
Let x be (1/(-1))/(2/(-4)). Suppose x*q + 16 = 18. Is (-75)/(-65) - q - (-1883)/13 a prime number?
False
Suppose -230*o + 238*o - 8 = 0. Is 1*6834*o + 7 composite?
False
Is 17/((-34)/(-907111))*(3 - (-3)/(-3)) composite?
False
Suppose -10*z - 50 = -12*z. Suppose -21*y = -z*y - 44. Is (y - -9) + 181*3 a prime number?
True
Let g(b) = -4*b + 784*b**2 + 3*b - 1 + 1. Suppose 18*o + 9 = 9*o. Is g(o) composite?
True
Suppose 5*j - 89 = -2*p, -2*p - 2*j - j + 83 = 0. Let z = p - 35. Is 1849 - ((-3)/z + 7/2) a prime number?
True
Suppose 2*d + 18*d - 2580 = 0. Is ((-10065)/(-7) - -1) + d/903 composite?
False
Let r(n) = -n**3 + 5*n**2 + 8*n + 1. Let o be r(6). Suppose -5*y + 3 = o. Is (y/(-6))/((-10)/(-6390)) prime?
False
Let v be (-4)/(-18) - (-7450)/90. Let w(t) = v*t - 39*t - 13*t + 5. Is w(2) a prime number?
True
Let q = 180 - 178. Suppose 0 = -t + 39 - q. Is t a prime number?
True
Suppose -29*b - 44672 = -21*b. Let q = b - -9785. Is q a composite number?
False
Let w(l) = -10018*l + 227. Is w(-27) a composite number?
True
Let p be (1 - (2 + -2))*15. Let f(k) = 10*k**2 + 42*k + 28. Let w(l) = 4*l - 1. Let t(n) = f(n) - 7*w(n). Is t(p) a prime number?
False
Let y be 194778/45*-1*-5. Suppose 5*v - 47 = -67, 2*l - y = -5*v. Is l prime?
True
Let r(v) = 7*v. Let y be r(1). Let n(f) = f**2 - 10*f + 11. Let i be n(y). Is (-13934)/i - (12/5 + -2) prime?
False
Suppose -2*k = 10, -5*j + 1000513 = -4*k + 9628. Is j composite?
False
Suppose 2*z - z + 5 = 4*h, -8 = 4*h. Let i(n) = -2*n**3 + 11*n**2 + 18*n + 24. Let a be i(z). Suppose a = 2*b + 165. Is b prime?
True
Let u(r) = -r**3 - 4*r**2 + 6*r + 9. Let g be u(-5). Let i be (24/g)/(-12) + (-10041)/(-2). Is 1/(i/(-1256) - -4) composite?
True
Let z(u) = -215 - 142*u - 5*u - 72 - 285*u. Is z(-12) a composite number?
True
Suppose -2*t + 190172 = 3*t - 453273. Is t composite?
True
Let l(p) = 15846*p + 55. Is l(1) a composite number?
False
Suppose -u = u + m - 17, 0 = u + 5*m + 14. Suppose 6*l - u*l = -11665. Is l prime?
True
Is 5*(-411220)/(-25) + -9 a composite number?
True
Let m = 26405 - 3138. Is m composite?
True
Suppose 12*w - 16*w + 8*w = 0. Suppose w = 10*d - 6*d - 10028. Is d prime?
False
Let t(x) = -14*x**3 - 167*x**2 - 24*x - 24. Is t(-29) composite?
True
Suppose 0 = 134*y - 187*y + 837029. Is y prime?
False
Is 8 + (26435 - 7)*(-34)/(-8) prime?
True
Suppose -y + 5*y - 38 = 5*d, 16 = -2*d + 2*y. Let n(u) = -82*u + 59. Is n(d) composite?
True
Let k(b) = 560*b + 90. Let a be k(23). Suppose -a = -11*y + 350547. Is y a prime number?
False
Let c(n) = 35 - 28*n**2 + 36*n**2 - 15*n + 101*n**2. Is c(6) a prime number?
False
Let i(a) = 5285*a**3 + 3*a**2 + 18*a - 19. Is i(1) a prime number?
False
Suppose 0 = 4*q + 3*p - 102158, 27*q - 28*q + p + 25529 = 0. Is q a prime number?
False
Suppose 443364 + 9045975 = -4*r + 31*r. Is r a composite number?
False
Let w = 38969 + -21922. Is w a composite number?
False
Let i(q) be the second derivative of 83*q**4/3 - 9*q**2/2 - 25*q. Is i(-2) composite?
False
Let g = -753 - -14042. Is g a prime number?
False
Let i = 146597 - 58011. Is i prime?
False
Let a(x) = -25*x**3 + 12*x**2 - x - 15. Is a(-2) a composite number?
True
Suppose -4*h - 301590 = -2*p, 4*p - 2*h - 603186 = 3*h. Is p composite?
True
Let f = 112819 + -62462. Is f a prime number?
False
Let r(n) = -2*n**3 - 8*n**2 + 3*n - 18. Let o(v) = -23*v + 81. Let s be o(4). Is r(s) composite?
True
Let w = 35243 + -19189. Suppose -7*i = -6451 - w. Suppose 4*m = -2*a - a + i, -3 = -3*a. Is m a composite number?
True
Suppose -3*q + 2*l + 17 + 49 = 0, -4*q - 2*l = -74. Let s = -16 + q. Suppose -u = 2*c + c - 46, 5*c = -s*u + 205. Is u composite?
True
Let q(t) = 3*t**2 - 5*t - 2. Let o be q(8). Suppose -o - 10 = 5*u. Let s = 47 - u. Is s a prime number?
True
Suppose 128629 + 49153 = 3*q - 234019. Is q a prime number?
False
Let v = -117074 + 219777. Is v prime?
False
Suppose 0 = 141*n - 40*n - 9660751. Is n prime?
True
Let j = 236117 + -42953. Suppose -75*a + j = -63*a. Is a a prime number?
True
Suppose -126*r = -42*r - 11847444. Is r a prime number?
True
Let c(a) = -a**3 + 6*a**2 + a + 3. Let n be c(-5). Suppose -n = -4*w + 79. Let r = -21 + w. Is r a prime number?
True
Let o(t) = t**2 - 7*t + 7515. Let h be o(0). Suppose 5*g - 7500 = i, -4*i = 5*g - 2*i - h. Is g composite?
True
Suppose 3*w + w = 156. Suppose 0 = -4*l + w + 9. Suppose -3955 = -l*r + 2489. Is r prime?
False
Let m be (-1964)/(-10) - (-1 + (-21)/(-15)). Let z = m + -402. Let d = z - -393. Is d a prime number?
False
Let g = 111 - -35768. Is g composite?
False
Suppose 54*g - 59*g - 40 = 0, 0 = 6*u - 3*g - 4991106. Is u a prime number?
True
Let f(o) = o**2 - 14*o + 28. Let p(b) = -b**2 + 15*b - 27. Let v(a) = -3*f(a) - 2*p(a). Let q be v(9). Let w(n) = -84*n - 1. Is w(q) a prime number?
True
Suppose 95 = 4*m - c, -23 = -5*m - 4*c + 101. Suppose -9*j = -j - m. Suppose -2*r + x + 1441 = 0, -j*r - 5*x = -963 - 1166. Is r a composite number?
True
Let i = 4109 + -2672. Is i a composite number?
True
Let w be (2 - 3)/((-1)/22) + 0. Suppose -7*u - 175155 = -w*u. Is u prime?
True
Suppose n = -s + 5 + 8, 3*s - 15 = 0. Is (-181965)/(-21) + (0 - n) a prime number?
False
Let s be ((-21640)/30)/(-4*(-5)/(-690)). Suppose -181*h = -183*h + s. Is h composite?
True
Suppose -21*l = -26*l - 258*l + 30212651. Is l a prime number?
False
Suppose -4*i + 5 = -7. Suppose i*p = -4*t + 68 + 197, -3*t + 4*p + 180 = 0. Let k = 209 - t. Is k a composite number?
True
Let x be 0/(-6 - -5 - (2 - 2)). Suppose -3*z = x, 2*z - 20168 = -4*t - 2*z. Is t a prime number?
False
Let o(b) = 4783*b**3 + 4*b**2 - 9. Let n be o(2). Let l = 68036 - n. Is l composite?
True
Let f(x) = x**3 - 12*x**2 + 8*x + 26. Let z be f(11). Let b be (-42)/(-8) - z/(-28). Suppose 4*k - 4*i - 1064 = 0, 235 + 7 = k + b*i. Is k composite?
True
Let o(k) = -34 + 2*k**3 - 18*k**2 + k - 26*k - k**3 + 10*k. Is o(20) prime?
False
Suppose -2*p + 6*h + 26 = 2*h, 5*h = 2*p - 28. Is 13217 - (p*-4)/(-6) a prime number?
False
Let k(l) = 266*l**2 + 8*l + 16. Let g(n) = n**3 + 37*n**2 + 68*n - 75. Let a be g(-35). Is k(a) a composite number?
True
Let x be (-256)/192*(0 + -1 + -200). Suppose 2*g - x = -0*g. Is g a composite number?
True
Let a(u) = u**3 + 6*u**2 - 12*u - 35. Let x be a(-7). Suppose -2*v + 2*p + 26756 = x, 5*v + 9*p - 66896 = 12*p. Is v a prime number?
True
Let z(f) = 589*f**2 + 28*f + 75. Is z(-8) a prime number?
True
Let o = 1007599 + -626336. Is o a prime number?
False
Is (-2)/(-13) + (-137945461)/(-1157) a prime number?
True
Let r(n) be the second derivative of n**6/40 - n**5/30 - 5*n**4/8 - 7*n**3/3 - 9*n. Let i(z) be the second derivative of r(z). Is i(14) a composite number?
False
Suppose 602 = 3*k - 3*s - 55, 0 = 2*k + s - 429. Suppose 0 = -5*n + o - 86 + 1142, n - 5*o - k = 0. Let a = 514 - n. Is a prime?
False
Let h(y) = 241*y**3 - 3*y**2 + 43*y - 334. Is h(7) composite?
False
Let u = -309 + 149. Let b be (-192)/u*(-1)/(-3)*10. Suppose -7*m + b*m + 1713 = 0. Is m a composite number?
False
Let l = -33318 + 68417. Is l a composite number?
False
Suppose -w - 72 = -2*w. Let k = w - 68. Suppose -k*h = -12, 2*b - 6*b = h - 575. Is b prime?
False
Let d(l) = 6487*l - 94.